hat is -2026122 (base 7) in base 10?
-242223
What is -21873 (base 11) in base 9?
-47378
Convert -385416 (base 11) to base 16.
-944cd
Convert -155fc4 (base 16) to base 12.
-576770
Convert 148555 (base 10) to base 4.
210101023
11761606 (base 10) to base 12
3b3259a
272731 (base 15) to base 16
1cb598
Convert -11145136 (base 7) to base 6.
-32435534
What is -1688136 (base 14) in base 2?
-101010010010100010110100
-34356 (base 14) to base 4
-132332220
-41031 (base 14) to base 7
-1221061
Convert 158582 (base 13) to base 11.
334195
What is 720484 (base 9) in base 7?
3425335
-32120331 (base 6) to base 11
-594a52
What is -73c6a (base 15) in base 11?
-230a5a
1101010100001101110101 (base 2) to base 4
31110031311
-2331c2 (base 15) to base 8
-6323405
-70041 (base 10) to base 16
-11199
What is -324325 (base 9) in base 8?
-571653
What is -8ab625 (base 14) in base 2?
-10001111111111001000001
What is 11044314132 (base 5) in base 15?
10e16cc
Convert -22637 (base 13) to base 7.
-350303
-23816 (base 11) to base 15
-a240
Convert -3a066 (base 16) to base 6.
-5032154
-589145 (base 11) to base 3
-1202110221022
Convert -7bc09 (base 13) to base 2.
-110111001101010011
What is 1121120102111 (base 3) in base 12?
35437a
1b8a4a (base 16) to base 8
6705112
-51a8833 (base 12) to base 3
-1001222110101010
3c9a4 (base 16) to base 15
4d838
What is -11243120 (base 5) in base 15?
-2075a
22123103110 (base 4) to base 10
2733268
Convert -176738 (base 10) to base 9.
-288385
What is 1681a09 (base 11) in base 13?
790872
2a51896 (base 11) to base 3
100211200011121
Convert 185512 (base 14) to base 11.
538039
Convert -5145052 (base 7) to base 2.
-10010110011111011000
-2331201211 (base 4) to base 14
-162c97
Convert -211021122200122 (base 3) to base 5.
-11012424004
15c9e (base 16) to base 6
1525102
What is -103252316 (base 7) in base 13?
-137a983
What is -1680378 (base 9) in base 16?
-e5229
What is 1120112122 (base 4) in base 14?
95c4a
What is -33424410 (base 5) in base 7?
-2340552
-111111011010100110 (base 2) to base 13
-912ca
Convert 510528 (base 11) to base 10.
820531
What is 5eee8 (base 15) in base 3?
120102122202
What is -186353 (base 9) in base 15?
-2466c
Convert 241250 (base 13) to base 15.
11e9a5
Convert 88227 (base 10) to base 11.
60317
131b3 (base 16) to base 14
2073d
-2475775 (base 8) to base 2
-10100111101111111101
-91169 (base 15) to base 16
-7023c
What is -75443166 (base 8) in base 11?
-9124161
What is 228545 (base 10) in base 5?
24303140
100100100100110000 (base 2) to base 8
444460
7318558 (base 10) to base 11
41495a5
Convert -245553 (base 9) to base 12.
-71aa0
What is 4443531 (base 7) in base 16?
85f74
What is d2b8da (base 14) in base 3?
111100202001001
What is 54130 (base 11) in base 10?
78683
Convert -250700 (base 11) to base 3.
-202010102101
22001214 (base 7) to base 10
1882836
-1402310 (base 10) to base 3
-2122020121102
What is -460 (base 9) in base 16?
-17a
What is 17026035 (base 9) in base 15?
b3493e
What is -10758662 (base 9) in base 16?
-4fe323
5198c (base 16) to base 4
1101212030
What is -120210200121202 (base 3) in base 5?
-4122223112
Convert -113435414 (base 6) to base 13.
-59a172
What is 3a244 (base 11) in base 7?
326464
-50215204 (base 6) to base 10
-1417684
Convert 21230133323 (base 4) to base 10.
2541563
What is -201130203 (base 4) in base 16?
-21723
What is 18831006 (base 9) in base 7?
143660256
-9011a7 (base 12) to base 8
-10431717
Convert -143641 (base 7) to base 14.
-a191
What is 27b134 (base 13) in base 15?
141747
13340133 (base 5) to base 9
227731
What is -275422 (base 9) in base 15?
-34bae
-3201213123 (base 4) to base 9
-1657583
What is -2a136c (base 13) in base 4?
-3323231032
Convert -102120110 (base 3) to base 12.
-4a70
Convert 20a41 (base 14) to base 10.
78849
What is -1e4e4 (base 15) in base 6?
-2042141
-2336100 (base 11) to base 5
-2021001210
3554005 (base 6) to base 9
313365
-1c7f33 (base 16) to base 7
-21605546
3532163 (base 7) to base 12
195605
Convert -408240 (base 9) to base 14.
-643bc
What is -e7452 (base 16) in base 8?
-3472122
What is a064 (base 14) in base 13?
c6b7
Convert -2165002 (base 7) to base 5.
-32040403
Convert 59ce5 (base 16) to base 13.
cb57a
-120011001012111 (base 3) to base 16
-7ada18
Convert -42233102 (base 5) to base 2.
-1010110000000010101
10211223331 (base 4) to base 15
18b661
What is 1a6a26 (base 13) in base 12?
28493b
What is -c40062 (base 15) in base 12?
-3152818
Convert -10320113 (base 5) to base 11.
-60782
What is 41531232 (base 7) in base 2?
1101010111010110100011
What is 63001 (base 16) in base 8?
1430001
3262634 (base 9) to base 12
706aaa
7b38 (base 12) to base 4
3112130
What is -710135 (base 9) in base 15?
-846b2
Convert -1201102201012 (base 3) to base 7.
-10524410
28023 (base 11) to base 2
1001110000010011
Convert -20323231 (base 4) to base 3.
-1212012011
What is 7310 (base 12) in base 4?
3003330
Convert -20010312 (base 4) to base 10.
-33078
Convert 150be (base 16) to base 10.
86206
Convert 20177 (base 13) to base 10.
57389
3647447 (base 10) to base 9
6768318
202200022122 (base 3) to base 4
1203113213
Convert 1855000 (base 11) to base 3.
12220112000222
-6a48b9 (base 12) to base 7
-20344134
What is -1000010110111010011001 (base 2) in base 5?
-1030103001
1450050 (base 6) to base 15
19e80
-9caea (base 15) to base 2
-1111001101110100011
16542 (base 16) to base 9
148410
Convert 1024410403 (base 6) to base 2.
101001011010100100100011
What is -1101001001100110110000 (base 2) in base 16?
-3499b0
3b74b (base 13) to base 2
11011000111111000
What is -251314301 (base 6) in base 4?
-102123132331
-455140353 (base 6) to base 10
-8364525
1fa8c6 (base 16) to base 7
23431021
-2a5989 (base 11) to base 16
-744c1
385a2 (base 12) to base 6
1351522
-40112043 (base 5) to base 10
-316523
What is 370034 (base 8) in base 4?
133000130
What is -2022611 (base 8) in base 6?
-15235425
Convert -162425 (base 7) to base 2.
-111110101110010
What is -20121111202121 (base 3) in base 16?
-359d07
b4871 (base 13) to base 14
86319
Convert -1010010111101010 (base 2) to base 5.
-2324344
What is -1917 (base 16) in base 4?
-1210113
-272d6 (base 14) to base 5
-11042440
-3496c7 (base 14) to base 3
-10101002210012
What is 11027701 (base 9) in base 12?
1952417
11230220 (base 6) to base 11
217051
Convert 475734 (base 9) to base 16.
45e9e
What is 363056 (base 7) in base 11?
45567
Convert -2470034 (base 8) to base 6.
-22354540
34203 (base 8) to base 5
430332
What is -980670 (base 10) in base 4?
-3233122332
What is -413949 (base 12) in base 8?
-3715211
15340053 (base 9) to base 2
11101001010000111011101
Convert -10b89 (base 12) to base 15.
-69a0
Convert -68020 (base 11) to base 5.
-11123031
What is 676bb (base 12) in base 9?
228568
What is -405b2 (base 12) in base 13?
-2c1b0
What is -450085 (base 15) in base 5?
-1320301000
Convert 1102020020 (base 3) to base 10.
27870
What is 73656 (base 12) in base 11?
a3715
What is 11b644c (base 13) in base 7?
64654233
d69116 (base 14) to base 8
33512420
31322543 (base 6) to base 16
dee7f
Convert 2115104 (base 10) to base 14.
3d0b4c
Convert 18904 (base 15) to base 14.
21058
Convert 33a2d (base 14) to base 8.
365051
Convert -1a46a39 (base 12) to base 11.
-316416a
-16c941 (base 13) to base 6
-20121353
Convert -242123 (base 10) to base 3.
-110022010112
Convert -3010131203 (base 4) to base 5.
-201222312
Convert -141414332 (base 6) to base 12.
-b6a3a8
Convert -daa33 (base 16) to base 6.
-31110003
-2b001 (base 13) to base 12
-3b062
Convert -2500c2 (base 16) to base 13.
-66ba36
What is -3664964 (base 10) in base 3?
-20220012101102
Convert 1410205 (base 7) to base 10.
187381
What is 100002011101012 (base 3) in base 9?
10064335
Convert -203647 (base 9) to base 8.
-353756
-1345531222 (base 6) to base 11
-935920a
What is -1200131132 (base 4) in base 5?
-100120402
16c307a (base 13) to base 3
111221011100220
What is 6060b8 (base 14) in base 4?
30113320302
-35333412 (base 6) to base 8
-4146460
Convert 25b45 (base 14) to base 9.
151226
What is 1861411 (base 9) in base 3?
1222001110101
2022000222 (base 3) to base 4
23002220
-3765738 (base 9) to base 13
-56a899
Convert -122214351 (base 6) to base 3.
-11102102111011
Convert -2757200 (base 8) to base 9.
-1415014
10110010010011000111101 (base 2) to base 10
5842493
Convert 11301132001 (base 4) to base 